{"id":821,"date":"2023-10-30T15:54:20","date_gmt":"2023-10-30T14:54:20","guid":{"rendered":"https:\/\/www.cintisport.it\/?post_type=product&#038;p=821"},"modified":"2026-01-27T18:27:38","modified_gmt":"2026-01-27T17:27:38","slug":"mizuno-wave-dimension-mid","status":"publish","type":"product","link":"https:\/\/www.cintisport.it\/?product=mizuno-wave-dimension-mid","title":{"rendered":"MIZUNO WAVE DIMENSION MID"},"content":{"rendered":"<p>MIZUNO THUNDER BLADE<\/p>\n<p>La nuova Wave Dimension \u00e8 la pi\u00f9 recente calzatura tecnica da pallavolo di Mizuno progettata per stabilit\u00e0 e comfort. Caratterizzata da un design altamente avanzato e moderno direttamente collegato alla Wave Momentum, la scarpa ti sosterr\u00e0 nel modo pi\u00f9 sicuro e confortevole grazie a una suola moderna dotata di alcune tecnologie di alto livello e racchiusa in un design intelligente fatto per le prestazioni.<\/p>\n","protected":false},"excerpt":{"rendered":"<p>MIZUNO WAVE DIMENSION MID<br \/>\nLa nuova Wave Dimension \u00e8 la pi\u00f9 recente calzatura tecnica da pallavolo di Mizuno progettata per stabilit\u00e0 e comfort. Caratterizzata da un design altamente avanzato e moderno direttamente collegato alla Wave Momentum, la scarpa ti sosterr\u00e0 nel modo pi\u00f9 sicuro e confortevole grazie a una suola moderna dotata di alcune tecnologie di alto livello e racchiusa in un design intelligente fatto per le prestazioni.<\/p>\n","protected":false},"featured_media":829,"comment_status":"open","ping_status":"closed","template":"","meta":{"_editorskit_title_hidden":false,"_editorskit_reading_time":0,"_editorskit_is_block_options_detached":false,"_editorskit_block_options_position":"{}","inline_featured_image":false},"product_brand":[],"product_cat":[16,43,47],"product_tag":[],"class_list":{"0":"post-821","1":"product","2":"type-product","3":"status-publish","4":"has-post-thumbnail","6":"product_cat-donna","7":"product_cat-calzature-donna","8":"product_cat-pallavolo-donna","10":"first","11":"instock","12":"shipping-taxable","13":"purchasable","14":"product-type-variable"},"_links":{"self":[{"href":"https:\/\/www.cintisport.it\/index.php?rest_route=\/wp\/v2\/product\/821","targetHints":{"allow":["GET"]}}],"collection":[{"href":"https:\/\/www.cintisport.it\/index.php?rest_route=\/wp\/v2\/product"}],"about":[{"href":"https:\/\/www.cintisport.it\/index.php?rest_route=\/wp\/v2\/types\/product"}],"replies":[{"embeddable":true,"href":"https:\/\/www.cintisport.it\/index.php?rest_route=%2Fwp%2Fv2%2Fcomments&post=821"}],"wp:featuredmedia":[{"embeddable":true,"href":"https:\/\/www.cintisport.it\/index.php?rest_route=\/wp\/v2\/media\/829"}],"wp:attachment":[{"href":"https:\/\/www.cintisport.it\/index.php?rest_route=%2Fwp%2Fv2%2Fmedia&parent=821"}],"wp:term":[{"taxonomy":"product_brand","embeddable":true,"href":"https:\/\/www.cintisport.it\/index.php?rest_route=%2Fwp%2Fv2%2Fproduct_brand&post=821"},{"taxonomy":"product_cat","embeddable":true,"href":"https:\/\/www.cintisport.it\/index.php?rest_route=%2Fwp%2Fv2%2Fproduct_cat&post=821"},{"taxonomy":"product_tag","embeddable":true,"href":"https:\/\/www.cintisport.it\/index.php?rest_route=%2Fwp%2Fv2%2Fproduct_tag&post=821"}],"curies":[{"name":"wp","href":"https:\/\/api.w.org\/{rel}","templated":true}]}}